{"id":1099,"date":"2022-08-08T09:56:55","date_gmt":"2022-08-08T12:56:55","guid":{"rendered":"https:\/\/www.cmbituruna.pr.gov.br\/1\/?page_id=1099"},"modified":"2022-08-09T16:31:57","modified_gmt":"2022-08-09T19:31:57","slug":"perguntas-frequentes","status":"publish","type":"page","link":"https:\/\/www.cmbituruna.pr.gov.br\/1\/index.php\/perguntas-frequentes\/","title":{"rendered":"Perguntas Frequentes"},"content":{"rendered":"\t\t<div data-elementor-type=\"wp-page\" data-elementor-id=\"1099\" class=\"elementor elementor-1099\" data-elementor-post-type=\"page\">\n\t\t\t\t\t\t<section class=\"elementor-section elementor-top-section elementor-element elementor-element-25623e13 elementor-section-boxed elementor-section-height-default elementor-section-height-default\" data-id=\"25623e13\" data-element_type=\"section\">\n\t\t\t\t\t\t<div class=\"elementor-container elementor-column-gap-default\">\n\t\t\t\t\t<div class=\"elementor-column elementor-col-100 elementor-top-column elementor-element elementor-element-64fd2601\" data-id=\"64fd2601\" data-element_type=\"column\">\n\t\t\t<div class=\"elementor-widget-wrap elementor-element-populated\">\n\t\t\t\t\t\t<div class=\"elementor-element elementor-element-44724430 elementor-widget elementor-widget-text-editor\" data-id=\"44724430\" data-element_type=\"widget\" data-widget_type=\"text-editor.default\">\n\t\t\t\t<div class=\"elementor-widget-container\">\n\t\t\t\t\t\t\t\t\t<p><strong>Perguntas Frequentes<\/strong><\/p>\n<p><span style=\"font-size: 16px; color: var( --e-global-color-text );\">Esta se\u00e7\u00e3o de perguntas e respostas possui car\u00e1ter informativo e educativo, com as d\u00favidas mais frequentes apresentadas pelo p\u00fablico em geral. O enunciado das perguntas foi elaborado pensando-se na experi\u00eancia cotidiana de vereadores e servidores no atendimento ao p\u00fablico. Os enunciados refletem a espontaneidade com que pessoas comuns elaboram essas perguntas.<\/span><br><\/p>\n<p>Nesse sentido, foi adotada tanto quanto poss\u00edvel uma linguagem simples e de f\u00e1cil compreens\u00e3o para o p\u00fablico em geral. Tentou-se evitar o uso de uma linguagem e termos t\u00e9cnicos em seu sentido mais rigoroso, segundo a doutrina jur\u00eddica e do Direito P\u00fablico Brasileiro.<\/p>\n<p>Portanto, as respostas n\u00e3o devem ser consideradas como um posicionamento formal da C\u00e2mara Municipal de Biturna-PR sobre interpreta\u00e7\u00e3o legal da legisla\u00e7\u00e3o que cita, para quaisquer fins de direito.<\/p>\n<p>As respostas a seguir consideram a Legisla\u00e7\u00e3o Municipal, Estadual e Federal vigente na \u00e9poca de sua elabora\u00e7\u00e3o (02\/08\/2022). Assim, deve-se evitar a compara\u00e7\u00e3o com outros Munic\u00edpios, que podem possuir legisla\u00e7\u00f5es espec\u00edficas sobre determinados temas de compet\u00eancia de cada Munic\u00edpio.<\/p>\n<p>FAQ<\/p><p><br><\/p>\n<p><strong style=\"font-size: 16px; color: var( --e-global-color-text );\">O que faz um vereador? Ele pode mandar construir escola ou asfaltar minha rua, comprar um ve\u00edculo para a Prefeitura Municipal?<\/strong><br><\/p>\n<p>\nO vereador atua em tr\u00eas frentes:<\/p>\n<p>Ele faz leis que entende que podem melhorar a vida da cidade e da popula\u00e7\u00e3o, bem como decide por meio de voto com os demais vereadores quais projetos de autoria dele, dos seus pares ou da prefeitura se tornar\u00e3o leis;<\/p>\n<p>Ele fiscaliza a prefeitura, vendo se o Executivo est\u00e1 cumprindo suas obriga\u00e7\u00f5es de maneira adequada e sem descumprir a lei, denunciando irregularidades quando as encontra e at\u00e9 mesmo, em \u00faltima inst\u00e2ncia, podendo cassar o prefeito caso sejam comprovadas irregularidades.<\/p>\n<p>Uma das formas de fiscalizar \u00e9 a ferramenta legal chamada \u201crequerimentos\u201d, utilizado para questionamentos e solicita\u00e7\u00e3o de documentos que o vereador quer verificar: o prefeito \u00e9 obrigado a responder de forma objetiva a estes requerimentos;<\/p>\n<p>Ele atua como ponte de liga\u00e7\u00e3o entre a popula\u00e7\u00e3o e a prefeitura, utilizando-se de uma ferramenta legal que t\u00eam \u00e0 sua disposi\u00e7\u00e3o chamada \u201cindica\u00e7\u00e3o\u201d, na qual indica para o prefeito quais s\u00e3o as necessidades dos bairros e pede solu\u00e7\u00f5es.<\/p>\n<p>Desta forma, um vereador N\u00c3O pode mandar asfaltar uma rua ou construir uma escola (isso \u00e9 uma obriga\u00e7\u00e3o da prefeitura), mas o vereador PODE indicar ao prefeito que determinada obra precisa ser feita e cobrar encaminhamentos, dando assim mais for\u00e7a para que a quest\u00e3o seja resolvida.<\/p>\n<p>&nbsp;<\/p>\n<p><strong style=\"font-size: 16px; color: var( --e-global-color-text );\">O Vereador pode apresentar qualquer tipo de projeto de lei?<\/strong><\/p>\n<p>\nA apresenta\u00e7\u00e3o de um projeto de lei deve observar as compet\u00eancias de iniciativa de cada Poder estabelecidas, por exemplo na Lei Org\u00e2nica Municipal ou em outras normas legais.<\/p>\n<p>Basicamente, o Poder Legislativo n\u00e3o possui compet\u00eancia em apresentar projeto de lei que crie obriga\u00e7\u00f5es ao Poder Executivo ou que modifique o seu or\u00e7amento.<\/p>\n<p>&nbsp;<\/p>\n<p><strong style=\"font-size: 16px; color: var( --e-global-color-text );\">\u00c9 verdade que o vereador s\u00f3 trabalha um dias por semana?<\/strong><\/p>\n<p>\nDe maneira alguma: ocorre que as Sess\u00f5es Ordin\u00e1rias da C\u00e2mara Municipal, isto \u00e9, a reuni\u00e3o na qual os vereadores votam nos projetos de lei, debatem e discursam sobre quest\u00f5es que consideram relevantes, s\u00e3o realizadas sempre \u00e0s segundas-feiras.<\/p>\n<p>Al\u00e9m disso, os Vereadores participam de Comiss\u00f5es Permanentes que analisam os projetos de leis e outras proposituras; participam de Conselhos e Comit\u00eas Municipais representando o Poder Legislativo; al\u00e9m de participar de encontros e reuni\u00f5es com \u00f3rg\u00e3os da Administra\u00e7\u00e3o P\u00fablica Municipal, Estadual ou, at\u00e9 mesmo Federal.<\/p>\n<p>&nbsp;<\/p>\n<p><strong style=\"font-size: 16px; color: var( --e-global-color-text );\">Quais s\u00e3o os dias e hor\u00e1rios das sess\u00f5es?<\/strong><\/p>\n<p>\nAs Sess\u00f5es Ordin\u00e1rias da C\u00e2mara ocorrem nas segundas-feiras, com in\u00edcio \u00e0s 20 horas &#8211; durante o per\u00edodo legislativo que vai de 15 de fevereiro at\u00e9 31 de junho, e de 1.\u00ba de agosto \u00e0 15 de dezembro de cada ano.<\/p>\n<p>As Sess\u00f5es Extraordin\u00e1rias podem ocorrer a qualquer tempo, desde que convocadas com prazo m\u00ednimo de 24 horas da sua realiza\u00e7\u00e3o e devidamente divulgadas.<\/p>\n<p>&nbsp;<\/p>\n<p><strong style=\"font-size: 16px; color: var( --e-global-color-text );\">A C\u00e2mara s\u00f3 est\u00e1 aberta quando as sess\u00f5es ocorrem?<\/strong><\/p>\n<p>\nO hor\u00e1rio de atendimento ao p\u00fablico em geral \u00e9: de segunda \u00e0 sexta-feira, das 08h at\u00e9 as 12h e das 13h at\u00e9 as 17h \u2013 o hor\u00e1rio de almo\u00e7o \u00e9 das 12h at\u00e9 as 13h.<\/p>\n<p>O atendimento ao p\u00fablico ocorre na Secretaria, com entrada pelo estacionamento, ao lado do sal\u00e3o principal do Plen\u00e1rio.<\/p>\n<p>N\u00e3o h\u00e1 expediente aos finais de semana e feriados nacionais e dias de ponto facultativo decretados pelo Munic\u00edpio (Art. 337 do Regimento Interno).<\/p>\n<p>N\u00e3o h\u00e1 expediente nos feriados municipais que s\u00e3o:<\/p>\n<p>04 de Dezembro \u2013 Dia do padroeiro do Munic\u00edpio (Santa B\u00e1rbara)<br>14 de Dezembro \u2013 Dia da emancipa\u00e7\u00e3o pol\u00edtica do Munic\u00edpio (Anivers\u00e1rio da Cidade)<\/p>\n<p>Os recessos administrativos de fim de ano, s\u00e3o estabelecidos por meio de portaria, cuja dura\u00e7\u00e3o fica a crit\u00e9rio da Mesa Diretiva.<\/p>\n<p>&nbsp;<\/p>\n<p><strong style=\"font-size: 16px; color: var( --e-global-color-text );\">Como participar de uma sess\u00e3o ou evento da C\u00e2mara Municipal?<\/strong><\/p>\n<p>\nPara assistir \u00e0s reuni\u00f5es basta comparecer no endere\u00e7o: Avenida Dr. Oscar Geyer, 639, Centro.<\/p>\n<p>\u00c9 permitido a qualquer pessoa, convenientemente trajada, ingressar no recinto do Plen\u00e1rio da C\u00e2mara.<\/p>\n<p>Entretanto, \u00e9 proibido o porte de armas, consumir bebidas alco\u00f3licas ou estar embriagado e fumar. O cidad\u00e3o deve tamb\u00e9m comporta se com urbanidade e n\u00e3o deve conversar ou comportar-se de forma a atrapalhar os andamentos dos trabalhos da Sess\u00e3o.<\/p>\n<p>Os direitos e deveres de acesso ao p\u00fablico est\u00e3o previstas no artigo 8.\u00ba e seguinte do Regimento Interno.<\/p>\n<p>Devido \u00e0 pandemia do novo Coronav\u00edrus, e seguindo as normas das autoridades de Sa\u00fade, o acesso ao p\u00fablico est\u00e1 sendo restringido quanto ao n\u00famero de participantes, com a intercala\u00e7\u00e3o dos acentos, uso de m\u00e1scara e \u00e1lcool em gel.<\/p>\n<p>&nbsp;<\/p>\n<p><strong style=\"font-size: 16px; color: var( --e-global-color-text );\">\u00c9 verdade que o Vereador tem f\u00e9rias duas vezes por ano?<\/strong><\/p>\n<p>\nDe maneira alguma. O que ocorre duas vezes por ano s\u00e3o os recessos legislativos, nos quais n\u00e3o ocorrem reuni\u00f5es ordin\u00e1rias.<\/p>\n<p>Vereadores n\u00e3o t\u00eam f\u00e9rias nem recebem valores al\u00e9m de seus subs\u00eddios mensais, tais como proporcional de 1\/3 de f\u00e9rias, 13.\u00ba sal\u00e1rio etc.<\/p>\n<p>Contudo o atendimento ao p\u00fablico ocorre normalmente na Secretaria, com entrada pelo estacionamento, ao lado do sal\u00e3o principal do Plen\u00e1rio.<\/p>\n<p>&nbsp;<\/p>\n<p><strong style=\"font-size: 16px; color: var( --e-global-color-text );\">A C\u00e2mara n\u00e3o funciona em julho e dezembro? Em que \u00e9poca a C\u00e2mara fecha?<\/strong><\/p>\n<p>\nEntre os dias 15 de dezembro a 15 de fevereiro e entre 1.\u00ba \u00e0 31 de julho ocorrem os recessos do legislativo onde as Sess\u00f5es Ordin\u00e1rias est\u00e3o suspensas.<\/p>\n<p>Entretanto, nesse per\u00edodo ainda podem ocorrer as sess\u00f5es extraordin\u00e1rias, convocadas na forma regimental.<\/p>\n<p>Contudo, o expediente administrativo n\u00e3o \u00e9 afetado. A Secretaria da C\u00e2mara Municipal continua funcionando de segunda a sexta-feira, das 08h \u00e0s 12h e das 13h at\u00e9 as 17h.<\/p>\n<p>&nbsp;<\/p>\n<p><strong style=\"font-size: 16px; color: var( --e-global-color-text );\">\u00c9 verdade que os Vereadores recebem a mais por cada Sess\u00e3o Extraordin\u00e1ria que participa?<\/strong><\/p>\n<p>\nDe maneira alguma! O subs\u00eddio n\u00e3o \u00e9 condicionado ao n\u00famero de sess\u00f5es realizadas. O subs\u00eddio \u00e9 um valor mensal fixo, definido em lei, para desempenhar todas as suas atividades legislativas.<\/p>\n<p>&nbsp;<\/p>\n<p><strong style=\"font-size: 16px; color: var( --e-global-color-text );\">\u00c9 verdade que os Vereadores recebem por quantidade de Projetos de Leis aprovados?<\/strong><\/p>\n<p>\nDe maneira alguma! O subs\u00eddio dos Vereadores n\u00e3o \u00e9 condicionado \u00e0 quantidade de projetos de lei aprovados. O subs\u00eddio \u00e9 um valor mensal fixo, definido em lei, para desempenhar todas as suas atividades legislativas.<\/p>\n<p>&nbsp;<\/p>\n<p><strong style=\"font-size: 16px; color: var( --e-global-color-text );\">Os Vereadores podem aumentar o pr\u00f3prio sal\u00e1rio?<\/strong><\/p>\n<p>\nDe acordo com o inciso VI do art. 29 da Constitui\u00e7\u00e3o Federal, o subs\u00eddio dos vereadores ser\u00e1 fixado em cada legislatura para a pr\u00f3xima, isto \u00e9, para os pr\u00f3ximos vereadores que ser\u00e3o eleitos e tomar\u00e3o posse na pr\u00f3xima gest\u00e3o.<\/p>\n<p>&nbsp;<\/p>\n<p><strong style=\"font-size: 16px; color: var( --e-global-color-text );\">Existe um limite para o sal\u00e1rio dos Vereadores?<\/strong><\/p>\n<p>\nSim. De acordo com o Inciso VI do art. 29 da Constitui\u00e7\u00e3o Federal, esses limites consideram o n\u00famero de habitantes e o sal\u00e1rio dos deputados das respectivas Assembleias Estaduais, que s\u00e3o:<\/p>\n<table style=\"width: 67.0776%;\">\n<tbody>\n<tr>\n<td style=\"width: 25.9031%;\">\n<p class=\"Normal1\" align=\"center\">N\u00daMERO DE HABITANTES<\/p>\n<p class=\"Normal1\" align=\"center\">(POPULA\u00c7\u00c3O)<\/p>\n<\/td>\n<td style=\"width: 37.4883%;\">\n<p class=\"Normal1\" align=\"center\">LIMITE EM FUN\u00c7\u00c3O DO<\/p>\n<p class=\"Normal1\" align=\"center\">SUBS\u00cdDIO DO DESPUTADO ESTADUAL<\/p>\n<\/td>\n<\/tr>\n<tr>\n<td style=\"width: 25.9031%;\">\n<p class=\"Normal1\" align=\"center\">At\u00e9 10.000<\/p>\n<\/td>\n<td style=\"width: 37.4883%;\">\n<p class=\"Normal1\" align=\"center\">20%<\/p>\n<\/td>\n<\/tr>\n<tr>\n<td style=\"width: 25.9031%;\">\n<p class=\"Normal1\" align=\"center\">De 10.001 a 50.000<\/p>\n<\/td>\n<td style=\"width: 37.4883%;\">\n<p class=\"Normal1\" align=\"center\">30%<\/p>\n<\/td>\n<\/tr>\n<tr>\n<td style=\"width: 25.9031%;\">\n<p class=\"Normal1\" align=\"center\">De 50.001 a 100.000<\/p>\n<\/td>\n<td style=\"width: 37.4883%;\">\n<p class=\"Normal1\" align=\"center\">40%<\/p>\n<\/td>\n<\/tr>\n<tr>\n<td style=\"width: 25.9031%;\">\n<p class=\"Normal1\" align=\"center\">De 100.001 a 300.000<\/p>\n<\/td>\n<td style=\"width: 37.4883%;\">\n<p class=\"Normal1\" align=\"center\">50%<\/p>\n<\/td>\n<\/tr>\n<tr>\n<td style=\"width: 25.9031%;\">\n<p class=\"Normal1\" align=\"center\">De 300.001 a 500.000<\/p>\n<\/td>\n<td style=\"width: 37.4883%;\">\n<p class=\"Normal1\" align=\"center\">60%<\/p>\n<\/td>\n<\/tr>\n<tr>\n<td style=\"width: 25.9031%;\">\n<p class=\"Normal1\" align=\"center\">Mais de 500.000<\/p>\n<\/td>\n<td style=\"width: 37.4883%;\">\n<p class=\"Normal1\" align=\"center\">75%<\/p>\n<\/td>\n<\/tr>\n<\/tbody>\n<\/table>\n<p>&nbsp;<\/p>\n<p>Em um Munic\u00edpio com at\u00e9 10.000 (dez mil) habitantes, o subs\u00eddio do vereador n\u00e3o poder\u00e1 ultrapassar 20% do valor do subs\u00eddio do Deputado Estadual de seu respectivo Estado.<\/p>\n<p>&nbsp;<\/p>\n<p><strong style=\"font-size: 16px; color: var( --e-global-color-text );\">Qual a diferen\u00e7a entre subs\u00eddio e sal\u00e1rio?<\/strong><\/p>\n<p>\nSubs\u00eddio \u00e9 uma retribui\u00e7\u00e3o em dinheiro paga mensalmente a determinados agentes pol\u00edticos.<\/p>\n<p>N\u00e3o d\u00e1 direito a proporcional de um ter\u00e7o de f\u00e9rias e a 13.\u00ba sal\u00e1rio. Segundo o \u00a7 4.\u00ba do Art. 36 da Constitui\u00e7\u00e3o Federal, \u00e9 vedado o acr\u00e9scimo de qualquer gratifica\u00e7\u00e3o, adicional, abono, pr\u00eamio e verba de representa\u00e7\u00e3o \u00e0queles que recebem subs\u00eddio.<\/p>\n<p>&nbsp;<\/p>\n<p><strong style=\"font-size: 16px; color: var( --e-global-color-text );\">Quantos vereadores comp\u00f5em a C\u00e2mara? N\u00e3o pode ter menos? Pode ter mais?<\/strong><\/p>\n<p>\nA C\u00e2mara Municipal de Bituruna possui 09 (nove) cadeiras (ou vereadores) conforme estabelecido no art. 20 da Lei Org\u00e2nica Municipal.<\/p>\n<p>O n\u00famero de cadeiras pode ser revisto quadrienalmente respeitando a proporcionalidade com o n\u00famero de habitantes do Munic\u00edpio conforme definido no par\u00e1grafo \u00fanico do art. 20 da Lei Org\u00e2nica Municipal, ou ent\u00e3o, os limites estabelecidos no inciso IV do art. 29 da Constitui\u00e7\u00e3o Federal.<\/p>\n<p>De acordo com a Lei Org\u00e2nica Municipal e a Constitui\u00e7\u00e3o Federal, 09 (nove) cadeiras \u00e9 o n\u00famero m\u00ednimo de vagas na C\u00e2mara Municipal.<\/p>\n<p>&nbsp;<\/p>\n<p><strong style=\"font-size: 16px; color: var( --e-global-color-text );\">\u00c9 verdade que cada Vereador tem direito a um assessor?<\/strong><\/p>\n<p>\nN\u00e3o h\u00e1 previs\u00e3o para assessores individuais na legisla\u00e7\u00e3o do Munic\u00edpio. O quadro de funcion\u00e1rios da C\u00e2mara \u00e9 estabelecido pela Lei Municipal n.\u00ba 1.424\/2015.<\/p>\n<p>Atualmente existe apenas um cargo comissionado de Assessor da Mesa Diretiva.<\/p>\n<p>Os demais servidores s\u00e3o cargos de carreira, preenchidos por concurso p\u00fablico: um contador, um advogado, um analista de sistemas (estes de n\u00edvel superior) quatro assistentes legislativos (ensino m\u00e9dio) e tr\u00eas cargos de auxiliar de servi\u00e7os gerais, do qual apenas dois est\u00e3o preenchidos.<\/p>\n<p>Veja tamb\u00e9m:<\/p>\n<p>Resolu\u00e7\u00e3o n.\u00ba 04\/2014 (link) que disp\u00f5e sobre a Organiza\u00e7\u00e3o Administrativa da C\u00e2mara Municipal e d\u00e1 outras provid\u00eancias.<\/p>\n<p>Lei Municipal n.\u00ba 1.424\/2015 (link) que disp\u00f5e sobre o Plano de Carreiras, Cargos, Fun\u00e7\u00f5es, Remunera\u00e7\u00e3o, Gratifica\u00e7\u00f5es e Avalia\u00e7\u00f5es do Desempenho dos Servidores do Poder Legislativo de Bituruna \u2013 PR.<\/p>\n<p>&nbsp;<\/p>\n<p><strong style=\"font-size: 16px; color: var( --e-global-color-text );\">\u00c9 a Prefeitura que paga os sal\u00e1rios e as contas da C\u00e2mara Municipal? Como \u00e9 feito esse pagamento?<\/strong><\/p>\n<p>\nDe acordo com a legisla\u00e7\u00e3o or\u00e7ament\u00e1ria \u00e9 estabelecido um repasse mensal do Munic\u00edpio ao Poder Legislativo Municipal, denominado duod\u00e9cimo.<\/p>\n<p>O duod\u00e9cimo \u00e9 a \u00fanica fonte de recursos do Poder Legislativo Municipal.<\/p>\n<p>Dentro dos limites legais, a C\u00e2mara Municipal possui autonomia para definir o seu or\u00e7amento, realizar despesas e seus pagamentos.<\/p>\n<p>Desta forma os or\u00e7amentos do Poder Executivo e do Poder Legislativo s\u00e3o independentes.<\/p>\n<p>&nbsp;<\/p>\n<p><strong style=\"font-size: 16px; color: var( --e-global-color-text );\">Qual a fun\u00e7\u00e3o da Mesa Diretiva? O que faz o Presidente, o Vice-Presidente, o 1.\u00ba Secret\u00e1rio e o 2.\u00ba Secret\u00e1rio?<\/strong><\/p>\n<p>\nAs atribui\u00e7\u00f5es da Mesa Diretiva e de cada um dos seus membros est\u00e3o definidas na Lei Org\u00e2nica Municipal e no Regimento Interno da C\u00e2mara de Vereadores.<\/p>\n<p>O Presidente da C\u00e2mara \u00e9 a mais alta autoridade da Mesa ao qual cabe fun\u00e7\u00f5es relacionadas ao andamento do processo legislativo; quanto ao andamento das sess\u00f5es; quanto a atividades administrativas da C\u00e2mara; e quanto a representa\u00e7\u00e3o da C\u00e2mara Municipal perante \u00f3rg\u00e3os externos. Ver artigos 41, 42 e 43 do Regimento Interno (RI)<\/p>\n<p>Compete ao Vice-Presidente, de acordo com o art. 48 do RI, substituir o presidente em suas faltas, aus\u00eancias, impedimentos, licen\u00e7as ou omiss\u00f5es.<\/p>\n<p>Ao Primeiro Secret\u00e1rio compete (art. 49 do RI) organizar o expediente e a ordem do dia; realizar a leitura das mat\u00e9rias do Pequeno Expediente; supervisionar a reda\u00e7\u00e3o das atas das Sess\u00f5es; entre outras atribui\u00e7\u00f5es.<\/p>\n<p>Ao Segundo Secret\u00e1rio compete substituir o Primeiro Secret\u00e1rio em suas licen\u00e7as, impedimentos e aus\u00eancias \u2013 conforme art. 50 do RI.<\/p>\n<p>Al\u00e9m disso a Mesa Diretiva, em sua totalidade, possui atribui\u00e7\u00f5es pr\u00f3prias discriminadas no artigo 39 do Regimento Interno.63<\/p>\t\t\t\t\t\t\t\t<\/div>\n\t\t\t\t<\/div>\n\t\t\t\t\t<\/div>\n\t\t<\/div>\n\t\t\t\t\t<\/div>\n\t\t<\/section>\n\t\t\t\t<\/div>\n\t\t","protected":false},"excerpt":{"rendered":"<p>Perguntas Frequentes Esta se\u00e7\u00e3o de perguntas e respostas possui car\u00e1ter informativo e educativo, com as d\u00favidas mais frequentes apresentadas pelo p\u00fablico em geral. O enunciado das perguntas foi elaborado pensando-se na experi\u00eancia cotidiana de vereadores e servidores no atendimento ao p\u00fablico. Os enunciados refletem a espontaneidade com que pessoas comuns elaboram essas perguntas. Nesse sentido, <a class=\"more-link\" href=\"https:\/\/www.cmbituruna.pr.gov.br\/1\/index.php\/perguntas-frequentes\/\">Leia mais&#8230; &raquo;<\/a><\/p>\n","protected":false},"author":2,"featured_media":0,"parent":0,"menu_order":0,"comment_status":"closed","ping_status":"closed","template":"","meta":{"_lmt_disableupdate":"yes","_lmt_disable":"","_monsterinsights_skip_tracking":false,"_monsterinsights_sitenote_active":false,"_monsterinsights_sitenote_note":"","_monsterinsights_sitenote_category":0,"footnotes":""},"class_list":["post-1099","page","type-page","status-publish","hentry"],"yoast_head":"<!-- This site is optimized with the Yoast SEO plugin v26.2 - https:\/\/yoast.com\/wordpress\/plugins\/seo\/ -->\n<title>Perguntas Frequentes - C\u00e2mara Municipal de Bituruna<\/title>\n<meta name=\"robots\" content=\"index, follow, max-snippet:-1, max-image-preview:large, max-video-preview:-1\" \/>\n<link rel=\"canonical\" href=\"https:\/\/www.cmbituruna.pr.gov.br\/1\/index.php\/perguntas-frequentes\/\" \/>\n<script type=\"application\/ld+json\" class=\"yoast-schema-graph\">{\"@context\":\"https:\/\/schema.org\",\"@graph\":[{\"@type\":\"BreadcrumbList\",\"@id\":\"https:\/\/www.cmbituruna.pr.gov.br\/1\/index.php\/perguntas-frequentes\/#breadcrumb\",\"itemListElement\":[{\"@type\":\"ListItem\",\"position\":1,\"name\":\"In\u00edcio\",\"item\":\"https:\/\/www.cmbituruna.pr.gov.br\/1\/\"},{\"@type\":\"ListItem\",\"position\":2,\"name\":\"Perguntas Frequentes\"}]}]}<\/script>\n<!-- \/ Yoast SEO plugin. -->","yoast_head_json":{"title":"Perguntas Frequentes - C\u00e2mara Municipal de Bituruna","robots":{"index":"index","follow":"follow","max-snippet":"max-snippet:-1","max-image-preview":"max-image-preview:large","max-video-preview":"max-video-preview:-1"},"canonical":"https:\/\/www.cmbituruna.pr.gov.br\/1\/index.php\/perguntas-frequentes\/","schema":{"@context":"https:\/\/schema.org","@graph":[{"@type":"BreadcrumbList","@id":"https:\/\/www.cmbituruna.pr.gov.br\/1\/index.php\/perguntas-frequentes\/#breadcrumb","itemListElement":[{"@type":"ListItem","position":1,"name":"In\u00edcio","item":"https:\/\/www.cmbituruna.pr.gov.br\/1\/"},{"@type":"ListItem","position":2,"name":"Perguntas Frequentes"}]}]}},"_links":{"self":[{"href":"https:\/\/www.cmbituruna.pr.gov.br\/1\/index.php\/wp-json\/wp\/v2\/pages\/1099","targetHints":{"allow":["GET"]}}],"collection":[{"href":"https:\/\/www.cmbituruna.pr.gov.br\/1\/index.php\/wp-json\/wp\/v2\/pages"}],"about":[{"href":"https:\/\/www.cmbituruna.pr.gov.br\/1\/index.php\/wp-json\/wp\/v2\/types\/page"}],"author":[{"embeddable":true,"href":"https:\/\/www.cmbituruna.pr.gov.br\/1\/index.php\/wp-json\/wp\/v2\/users\/2"}],"replies":[{"embeddable":true,"href":"https:\/\/www.cmbituruna.pr.gov.br\/1\/index.php\/wp-json\/wp\/v2\/comments?post=1099"}],"version-history":[{"count":15,"href":"https:\/\/www.cmbituruna.pr.gov.br\/1\/index.php\/wp-json\/wp\/v2\/pages\/1099\/revisions"}],"predecessor-version":[{"id":2034,"href":"https:\/\/www.cmbituruna.pr.gov.br\/1\/index.php\/wp-json\/wp\/v2\/pages\/1099\/revisions\/2034"}],"wp:attachment":[{"href":"https:\/\/www.cmbituruna.pr.gov.br\/1\/index.php\/wp-json\/wp\/v2\/media?parent=1099"}],"curies":[{"name":"wp","href":"https:\/\/api.w.org\/{rel}","templated":true}]}}