{"id":3616,"date":"2025-10-29T17:21:34","date_gmt":"2025-10-29T20:21:34","guid":{"rendered":"https:\/\/www.cmbituruna.pr.gov.br\/1\/?page_id=3616"},"modified":"2026-02-27T11:39:11","modified_gmt":"2026-02-27T14:39:11","slug":"relatorios-de-presenca-ausencia-dos-vereadores","status":"publish","type":"page","link":"https:\/\/www.cmbituruna.pr.gov.br\/1\/index.php\/relatorios-de-presenca-ausencia-dos-vereadores\/","title":{"rendered":"Relat\u00f3rios de presen\u00e7a\/aus\u00eancia dos Vereadores"},"content":{"rendered":"\t\t<div data-elementor-type=\"wp-page\" data-elementor-id=\"3616\" class=\"elementor elementor-3616\" data-elementor-post-type=\"page\">\n\t\t\t\t\t\t<section class=\"elementor-section elementor-top-section elementor-element elementor-element-867d90b elementor-section-boxed elementor-section-height-default elementor-section-height-default\" data-id=\"867d90b\" data-element_type=\"section\">\n\t\t\t\t\t\t<div class=\"elementor-container elementor-column-gap-default\">\n\t\t\t\t\t<div class=\"elementor-column elementor-col-100 elementor-top-column elementor-element elementor-element-6c3c3062\" data-id=\"6c3c3062\" data-element_type=\"column\">\n\t\t\t<div class=\"elementor-widget-wrap elementor-element-populated\">\n\t\t\t\t\t\t<div class=\"elementor-element elementor-element-4f74f403 elementor-widget elementor-widget-breadcrumbs\" data-id=\"4f74f403\" data-element_type=\"widget\" data-widget_type=\"breadcrumbs.default\">\n\t\t\t\t<div class=\"elementor-widget-container\">\n\t\t\t\t\t<p id=\"breadcrumbs\">\tVoc\u00ea esta em:\n<span><span><a href=\"https:\/\/www.cmbituruna.pr.gov.br\/1\/\">In\u00edcio<\/a><\/span><\/span><\/p>\t\t\t\t<\/div>\n\t\t\t\t<\/div>\n\t\t\t\t<div class=\"elementor-element elementor-element-574bc3f9 elementor-widget elementor-widget-post-info\" data-id=\"574bc3f9\" data-element_type=\"widget\" data-widget_type=\"post-info.default\">\n\t\t\t\t<div class=\"elementor-widget-container\">\n\t\t\t\t\t\t\t<ul class=\"elementor-inline-items elementor-icon-list-items elementor-post-info\">\n\t\t\t\t\t\t\t\t<li class=\"elementor-icon-list-item elementor-repeater-item-0cee139 elementor-inline-item\" itemprop=\"author\">\n\t\t\t\t\t\t<a href=\"https:\/\/www.cmbituruna.pr.gov.br\/1\/index.php\/author\/camara\/\">\n\t\t\t\t\t\t\t\t\t\t\t<span class=\"elementor-icon-list-icon\">\n\t\t\t\t\t\t\t\t<i aria-hidden=\"true\" class=\"far fa-user-circle\"><\/i>\t\t\t\t\t\t\t<\/span>\n\t\t\t\t\t\t\t\t\t<span class=\"elementor-icon-list-text elementor-post-info__item elementor-post-info__item--type-author\">\n\t\t\t\t\t\t\t<span class=\"elementor-post-info__item-prefix\">por:<\/span>\n\t\t\t\t\t\t\t\t\t\tcamara\t\t\t\t\t<\/span>\n\t\t\t\t\t\t\t\t\t<\/a>\n\t\t\t\t<\/li>\n\t\t\t\t<li class=\"elementor-icon-list-item elementor-repeater-item-f96e114 elementor-inline-item\" itemprop=\"datePublished\">\n\t\t\t\t\t\t<a href=\"https:\/\/www.cmbituruna.pr.gov.br\/1\/index.php\/2025\/10\/29\/\">\n\t\t\t\t\t\t\t\t\t\t\t<span class=\"elementor-icon-list-icon\">\n\t\t\t\t\t\t\t\t<i aria-hidden=\"true\" class=\"fas fa-calendar\"><\/i>\t\t\t\t\t\t\t<\/span>\n\t\t\t\t\t\t\t\t\t<span class=\"elementor-icon-list-text elementor-post-info__item elementor-post-info__item--type-date\">\n\t\t\t\t\t\t\t<span class=\"elementor-post-info__item-prefix\">publicado:<\/span>\n\t\t\t\t\t\t\t\t\t\t<time>outubro 29, 2025<\/time>\t\t\t\t\t<\/span>\n\t\t\t\t\t\t\t\t\t<\/a>\n\t\t\t\t<\/li>\n\t\t\t\t<li class=\"elementor-icon-list-item elementor-repeater-item-5e23cb5 elementor-inline-item\">\n\t\t\t\t\t\t\t\t\t\t<span class=\"elementor-icon-list-icon\">\n\t\t\t\t\t\t\t\t<i aria-hidden=\"true\" class=\"far fa-clock\"><\/i>\t\t\t\t\t\t\t<\/span>\n\t\t\t\t\t\t\t\t\t<span class=\"elementor-icon-list-text elementor-post-info__item elementor-post-info__item--type-time\">\n\t\t\t\t\t\t\t\t\t\t<time>17:21<\/time>\t\t\t\t\t<\/span>\n\t\t\t\t\t\t\t\t<\/li>\n\t\t\t\t<\/ul>\n\t\t\t\t\t\t<\/div>\n\t\t\t\t<\/div>\n\t\t\t\t<div class=\"elementor-element elementor-element-178e4c02 elementor-widget elementor-widget-text-editor\" data-id=\"178e4c02\" data-element_type=\"widget\" data-widget_type=\"text-editor.default\">\n\t\t\t\t<div class=\"elementor-widget-container\">\n\t\t\t\t\t\t\t\t\t<table style=\"border-collapse: collapse; width: 100%; height: 58px;\"><tbody><tr style=\"height: 19px;\"><td style=\"width: 46.6218%; height: 19px;\"><strong><span style=\"color: #000000;\">T\u00edtulo<\/span><\/strong><\/td><td style=\"width: 25.8241%; height: 19px;\"><strong><span style=\"color: #000000;\">Autor<\/span><\/strong><\/td><td style=\"width: 9.90963%; height: 19px;\"><strong><span style=\"color: #000000;\">Tipo<\/span><\/strong><\/td><td style=\"width: 28.9674%; height: 19px;\"><strong><span style=\"color: #000000;\">Modificado<\/span><\/strong><\/td><\/tr><tr style=\"height: 18px;\"><td style=\"width: 46.6218%; height: 10px;\"><span style=\"font-size: 10pt;\"><a href=\"https:\/\/docs.google.com\/spreadsheets\/d\/1aWD95PdOmFLBGFhui2NDXf-aM_iVvifNXYUlxCxUeBs\/edit?gid=174795792#gid=174795792\" target=\"_blank\" rel=\"noopener\"><span style=\"color: #404040; font-family: Merriweather, serif; font-style: normal; font-weight: 400;\">Relat\u00f3rios de presen\u00e7a\/aus\u00eancia dos Vereadores (2026<\/span><\/a><\/span><span style=\"font-size: 10pt;\"><a href=\"https:\/\/docs.google.com\/spreadsheets\/d\/1aWD95PdOmFLBGFhui2NDXf-aM_iVvifNXYUlxCxUeBs\/edit?gid=174795792#gid=174795792\" target=\"_blank\" rel=\"noopener\"><span style=\"color: #404040; font-family: Merriweather, serif; font-style: normal; font-weight: 400;\">)<\/span><\/a><\/span><\/td><td style=\"width: 25.8241%; height: 10px; text-align: left;\"><span style=\"font-size: 10pt;\">\u00a0<span style=\"color: #404040; font-family: Merriweather, serif; font-style: normal; font-weight: 400;\">Camara Municipal de Bituruna<\/span><\/span><\/td><td style=\"width: 9.90963%; height: 10px;\"><span style=\"font-size: 10pt;\"><span style=\"color: #404040; font-family: Merriweather, serif; font-style: normal; font-weight: 400;\">Pagina<\/span><\/span><\/td><td style=\"width: 28.9674%; height: 10px;\"><span style=\"font-size: 10pt;\"><span style=\"color: #404040; font-family: Merriweather, serif; font-style: normal; font-weight: 400;\">27\/02\/2026 10:30<\/span><\/span><\/td><\/tr><tr style=\"height: 10px;\"><td style=\"width: 46.6218%; height: 10px;\"><p><span style=\"font-size: 10pt;\"><a href=\"https:\/\/docs.google.com\/spreadsheets\/d\/1DwkS6HmCr_pd0QBbe7OSI6sboJ51Y-G25i9kSIqT03Y\/edit?usp=sharing\" target=\"_blank\" rel=\"noopener\"><span style=\"color: #404040; font-family: Merriweather, serif; font-style: normal; font-weight: 400;\">Relat\u00f3rios de presen\u00e7a\/aus\u00eancia dos Vereadores (2025)<\/span><\/a><\/span><\/p><\/td><td style=\"width: 25.8241%; height: 10px;\"><span style=\"font-size: 10pt;\"><span style=\"color: #404040; font-family: Merriweather, serif; font-style: normal; font-weight: 400;\">Camara Municipal de Bituruna<\/span><\/span><\/td><td style=\"width: 9.90963%; height: 10px;\"><span style=\"font-size: 10pt;\"><span style=\"color: #404040; font-family: Merriweather, serif; font-style: normal; font-weight: 400;\">Pagina<\/span><\/span><\/td><td style=\"width: 28.9674%; height: 10px;\"><span style=\"font-size: 10pt;\"><span style=\"color: #404040; font-family: Merriweather, serif; font-style: normal; font-weight: 400;\">29\/10\/2025 17:25<\/span><\/span><\/td><\/tr><tr style=\"height: 19px;\"><td style=\"width: 46.6218%; height: 19px;\">\u00a0<\/td><td style=\"width: 25.8241%; height: 19px;\">\u00a0<\/td><td style=\"width: 9.90963%; height: 19px;\">\u00a0<\/td><td style=\"width: 28.9674%; height: 19px;\">\u00a0<\/td><\/tr><\/tbody><\/table>\t\t\t\t\t\t\t\t<\/div>\n\t\t\t\t<\/div>\n\t\t\t\t\t<\/div>\n\t\t<\/div>\n\t\t\t\t\t<\/div>\n\t\t<\/section>\n\t\t\t\t<\/div>\n\t\t","protected":false},"excerpt":{"rendered":"<p>T\u00edtulo Autor Tipo Modificado Relat\u00f3rios de presen\u00e7a\/aus\u00eancia dos Vereadores (2026) \u00a0Camara Municipal de Bituruna Pagina 27\/02\/2026 10:30 Relat\u00f3rios de presen\u00e7a\/aus\u00eancia dos Vereadores (2025) Camara Municipal de Bituruna Pagina 29\/10\/2025 17:25 \u00a0 \u00a0 \u00a0 \u00a0<\/p>\n","protected":false},"author":2,"featured_media":0,"parent":0,"menu_order":0,"comment_status":"closed","ping_status":"closed","template":"","meta":{"_lmt_disableupdate":"","_lmt_disable":"","_monsterinsights_skip_tracking":false,"_monsterinsights_sitenote_active":false,"_monsterinsights_sitenote_note":"","_monsterinsights_sitenote_category":0,"footnotes":""},"class_list":["post-3616","page","type-page","status-publish","hentry"],"yoast_head":"<!-- This site is optimized with the Yoast SEO plugin v26.2 - https:\/\/yoast.com\/wordpress\/plugins\/seo\/ -->\n<title>Relat\u00f3rios de presen\u00e7a\/aus\u00eancia dos Vereadores - C\u00e2mara Municipal de Bituruna<\/title>\n<meta name=\"robots\" content=\"index, follow, max-snippet:-1, max-image-preview:large, max-video-preview:-1\" \/>\n<link rel=\"canonical\" href=\"https:\/\/www.cmbituruna.pr.gov.br\/1\/index.php\/relatorios-de-presenca-ausencia-dos-vereadores\/\" \/>\n<script type=\"application\/ld+json\" class=\"yoast-schema-graph\">{\"@context\":\"https:\/\/schema.org\",\"@graph\":[{\"@type\":\"BreadcrumbList\",\"@id\":\"https:\/\/www.cmbituruna.pr.gov.br\/1\/index.php\/relatorios-de-presenca-ausencia-dos-vereadores\/#breadcrumb\",\"itemListElement\":[{\"@type\":\"ListItem\",\"position\":1,\"name\":\"In\u00edcio\",\"item\":\"https:\/\/www.cmbituruna.pr.gov.br\/1\/\"},{\"@type\":\"ListItem\",\"position\":2,\"name\":\"Relat\u00f3rios de presen\u00e7a\/aus\u00eancia dos Vereadores\"}]}]}<\/script>\n<!-- \/ Yoast SEO plugin. -->","yoast_head_json":{"title":"Relat\u00f3rios de presen\u00e7a\/aus\u00eancia dos Vereadores - C\u00e2mara Municipal de Bituruna","robots":{"index":"index","follow":"follow","max-snippet":"max-snippet:-1","max-image-preview":"max-image-preview:large","max-video-preview":"max-video-preview:-1"},"canonical":"https:\/\/www.cmbituruna.pr.gov.br\/1\/index.php\/relatorios-de-presenca-ausencia-dos-vereadores\/","schema":{"@context":"https:\/\/schema.org","@graph":[{"@type":"BreadcrumbList","@id":"https:\/\/www.cmbituruna.pr.gov.br\/1\/index.php\/relatorios-de-presenca-ausencia-dos-vereadores\/#breadcrumb","itemListElement":[{"@type":"ListItem","position":1,"name":"In\u00edcio","item":"https:\/\/www.cmbituruna.pr.gov.br\/1\/"},{"@type":"ListItem","position":2,"name":"Relat\u00f3rios de presen\u00e7a\/aus\u00eancia dos Vereadores"}]}]}},"_links":{"self":[{"href":"https:\/\/www.cmbituruna.pr.gov.br\/1\/index.php\/wp-json\/wp\/v2\/pages\/3616","targetHints":{"allow":["GET"]}}],"collection":[{"href":"https:\/\/www.cmbituruna.pr.gov.br\/1\/index.php\/wp-json\/wp\/v2\/pages"}],"about":[{"href":"https:\/\/www.cmbituruna.pr.gov.br\/1\/index.php\/wp-json\/wp\/v2\/types\/page"}],"author":[{"embeddable":true,"href":"https:\/\/www.cmbituruna.pr.gov.br\/1\/index.php\/wp-json\/wp\/v2\/users\/2"}],"replies":[{"embeddable":true,"href":"https:\/\/www.cmbituruna.pr.gov.br\/1\/index.php\/wp-json\/wp\/v2\/comments?post=3616"}],"version-history":[{"count":15,"href":"https:\/\/www.cmbituruna.pr.gov.br\/1\/index.php\/wp-json\/wp\/v2\/pages\/3616\/revisions"}],"predecessor-version":[{"id":3903,"href":"https:\/\/www.cmbituruna.pr.gov.br\/1\/index.php\/wp-json\/wp\/v2\/pages\/3616\/revisions\/3903"}],"wp:attachment":[{"href":"https:\/\/www.cmbituruna.pr.gov.br\/1\/index.php\/wp-json\/wp\/v2\/media?parent=3616"}],"curies":[{"name":"wp","href":"https:\/\/api.w.org\/{rel}","templated":true}]}}